and 783?
27
Calculate the greatest common factor of 1335 and 2835.
15
What is the highest common divisor of 63723 and 9?
3
Calculate the greatest common divisor of 234 and 33813.
117
What is the highest common divisor of 504744 and 16?
8
Calculate the greatest common factor of 26260 and 195.
65
Calculate the highest common factor of 18040 and 4048.
88
Calculate the highest common factor of 2475 and 44.
11
Calculate the greatest common divisor of 88 and 47762.
22
Calculate the highest common divisor of 8350 and 391448.
334
What is the highest common divisor of 4152958 and 194?
194
What is the greatest common factor of 304 and 1648?
16
What is the highest common factor of 210871 and 8?
1
Calculate the highest common factor of 22865 and 2295.
85
Calculate the greatest common divisor of 116 and 4364.
4
Calculate the highest common divisor of 2752 and 232.
8
What is the highest common divisor of 4345363 and 341?
341
Calculate the highest common divisor of 920 and 1157960.
40
Calculate the greatest common divisor of 549 and 2684.
61
What is the highest common factor of 1396 and 393323?
349
Calculate the greatest common factor of 260 and 4310.
10
What is the greatest common factor of 2109160 and 670?
670
Calculate the greatest common divisor of 349536 and 22.
22
Calculate the greatest common divisor of 1349283 and 261.
87
What is the highest common divisor of 1908 and 216081?
477
What is the greatest common divisor of 78 and 5742789?
39
What is the highest common factor of 44066 and 528?
22
Calculate the greatest common factor of 303408 and 168.
168
Calculate the greatest common divisor of 1161 and 12599.
43
What is the highest common factor of 10025 and 1825?
25
Calculate the greatest common divisor of 656 and 2567584.
656
Calculate the greatest common factor of 2552816 and 736.
368
What is the highest common divisor of 1200546 and 54?
18
What is the greatest common divisor of 102011 and 13?
13
Calculate the greatest common divisor of 6541 and 18146.
211
Calculate the highest common factor of 7200 and 9320.
40
Calculate the highest common divisor of 23693 and 2071.
19
Calculate the greatest common divisor of 816 and 431800.
136
Calculate the highest common factor of 97520 and 380.
20
What is the greatest common factor of 28 and 271928?
4
Calculate the highest common factor of 66 and 474.
6
Calculate the greatest common divisor of 41839 and 10703.
973
Calculate the greatest common factor of 20480 and 1670.
10
Calculate the greatest common divisor of 11620 and 84.
28
What is the highest common divisor of 9265 and 246449?
1853
What is the greatest common factor of 6295825 and 50?
25
What is the highest common divisor of 40300 and 364715?
2015
Calculate the greatest common factor of 59998 and 1310.
262
What is the highest common divisor of 24057 and 2484?
27
Calculate the greatest common divisor of 455 and 170261.
91
What is the highest common divisor of 27170 and 101387?
143
What is the highest common factor of 244 and 53688?
4
Calculate the highest common factor of 25 and 592225.
25
Calculate the greatest common divisor of 9554 and 5015.
17
Calculate the greatest common factor of 6156 and 84.
12
What is the highest common divisor of 101927 and 70?
7
Calculate the greatest common divisor of 402687 and 6363.
909
What is the highest common divisor of 379 and 334657?
379
What is the greatest common factor of 1370 and 170?
10
Calculate the highest common divisor of 15 and 991710.
15
What is the highest common factor of 253 and 19931593?
253
Calculate the highest common divisor of 458745 and 1105.
85
What is the greatest common divisor of 18 and 42414?
6
Calculate the greatest common divisor of 201019 and 455.
91
Calculate the highest common divisor of 30709 and 574.
287
Calculate the highest common factor of 9702 and 239022.
882
What is the greatest common factor of 620540 and 19?
19
Calculate the greatest common divisor of 385067 and 204.
17
Calculate the greatest common factor of 729 and 41409.
9
Calculate the highest common factor of 295864 and 62.
62
What is the highest common divisor of 11143 and 143?
11
Calculate the greatest common divisor of 2045187 and 3051.
1017
Calculate the highest common factor of 2501 and 183061.
61
Calculate the highest common divisor of 54932 and 2.
2
Calculate the greatest common divisor of 243 and 38907.
27
What is the greatest common factor of 384 and 6123?
3
What is the highest common divisor of 10 and 57670?
10
What is the highest common divisor of 621900 and 18?
18
What is the highest common factor of 6 and 366681?
3
Calculate the greatest common divisor of 499374 and 9.
9
What is the highest common factor of 293066 and 831?
277
What is the greatest common factor of 23628 and 1524?
12
What is the greatest common factor of 15 and 4660?
5
What is the greatest common divisor of 200 and 18100?
100
Calculate the greatest common factor of 1484570 and 40.
10
What is the highest common factor of 57477 and 714?
357
Calculate the highest common divisor of 1350094 and 866.
866
What is the greatest common divisor of 216000 and 8?
8
What is the highest common factor of 7359693 and 11?
11
Calculate the highest common factor of 1161 and 1247.
43
What is the greatest common divisor of 356 and 498044?
356
What is the greatest common divisor of 19860 and 268772?
1324
Calculate the greatest common factor of 808560 and 765.
45
Calculate the greatest common factor of 436472 and 8.
8
What is the highest common factor of 2700 and 1297350?
1350
What is the greatest common divisor of 13547 and 25327?
589
Calculate the highest common divisor of 66 and 21678.
6
What is the highest common divisor of 26 and 91?
13
Calculate the greatest common factor of 146336 and 4842.
538
Calculate the highest common divisor of 131399 and 197.
197
Calculate the highest common factor of 1536120 and 1224.
1224
Calculate the greatest common factor of 2279887 and 9061.
697
What is the highest common divisor of 334540 and 14190?
430
Calculate the greatest common factor of 70959 and 130851.
651
What is the highest common divisor of 421050 and 8400?
1050
What is the highest common divisor of 54 and 100494?
54
What is the greatest common factor of 15 and 17715?
15
What is the greatest common factor of 1141860 and 240?
60
What is the highest common factor of 944 and 193048?
472
Calculate the greatest common divisor of 11761 and 19.
19
What is the greatest common divisor of 287000 and 175?
175
Calculate the highest common factor of 256220 and 230.
230
What is the greatest common factor of 12 and 354549?
3
What is the greatest common divisor of 153210 and 1545?
15
What is the highest common factor of 5841 and 1888?
59
What is the greatest common divisor of 7520 and 176?
16
What is the greatest common factor of 36627 and 4631?
421
What is the greatest common divisor of 156282 and 3486?
42
Calculate the greatest common factor of 18 and 261081.
9
What is the highest common factor of 380 and 110884?
76
Calculate the greatest common divisor of 22695 and 975.
15
What is the greatest common divisor of 22419 and 212?
53
What is the greatest common factor of 126 and 5376?
42
Calculate the greatest common factor of 3689024 and 64.
64
Calculate the highest common divisor of 205284 and 48.
12
Calculate the highest common factor of 12122 and 31262.
638
Calculate the greatest common factor of 2403 and 169545.
267
Calculate the highest common divisor of 92 and 13915.
23
Calculate the greatest common factor of 11 and 1926694.
11
Calculate the highest common divisor of 904 and 64.
8
What is the highest common factor of 495150 and 100?
50
What is the highest common divisor of 623 and 557941?
89
Calculate the greatest common factor of 3979 and 6003.
23
What is the greatest common factor of 566673 and 3?
3
Calculate the greatest common factor of 5865 and 3060.
255
Calculate the greatest common factor of 1804 and 3444.
164
Calculate the highest common divisor of 144 and 272.
16
What is the highest common factor of 60720 and 30?
30
Calculate the highest common factor of 274142 and 22.
22
Calculate the greatest common factor of 42480 and 250.
10
Calculate the greatest common divisor of 4671 and 5363.
173
Calculate the greatest common factor of 39 and 69329.
13
What is the greatest common f